{"id":13,"date":"2019-09-20T18:03:56","date_gmt":"2019-09-20T16:03:56","guid":{"rendered":"http:\/\/designlabor.ik.w-hs.de\/?page_id=13"},"modified":"2023-04-05T09:33:16","modified_gmt":"2023-04-05T07:33:16","slug":"impressum","status":"publish","type":"page","link":"https:\/\/designlab.ik.w-hs.de\/?page_id=13","title":{"rendered":"Legal Note"},"content":{"rendered":"[vc_row type=&#8220;in_container&#8220; full_screen_row_position=&#8220;middle&#8220; scene_position=&#8220;center&#8220; text_color=&#8220;dark&#8220; text_align=&#8220;left&#8220; overlay_strength=&#8220;0.3&#8243; shape_divider_position=&#8220;bottom&#8220; bg_image_animation=&#8220;none&#8220;][vc_column column_padding=&#8220;no-extra-padding&#8220; column_padding_position=&#8220;all&#8220; background_color_opacity=&#8220;1&#8243; background_hover_color_opacity=&#8220;1&#8243; column_link_target=&#8220;_self&#8220; column_shadow=&#8220;none&#8220; column_border_radius=&#8220;none&#8220; width=&#8220;1\/1&#8243; tablet_width_inherit=&#8220;default&#8220; tablet_text_alignment=&#8220;default&#8220; phone_text_alignment=&#8220;default&#8220; column_border_width=&#8220;none&#8220; column_border_style=&#8220;solid&#8220; bg_image_animation=&#8220;none&#8220;][vc_column_text] <strong>LEGAL NOTE\u00a0<\/strong><\/p>\n<p><strong>Angaben gem\u00e4\u00df \u00a7 5 TMG <\/strong><\/p>\n<p><strong>Westf\u00e4lische Hochschule<\/strong><\/p>\n<p>Neidenburger Stra\u00dfe 43<br \/>\n45897 Gelsenkirchen<br \/>\nTelefon: 0209-9596-0<br \/>\nTelefax: 0209-9596-445<br \/>\ninfo@w-hs.de<\/p>\n<p>Die Hochschule ist eine K\u00f6rperschaft des \u00f6ffentlichen Rechts.<\/p>\n<p><strong>Gesetzlicher Vertretungsberechtigter<\/strong><\/p>\n<p>Prof. Dr. Bernd Kriegesmann, Pr\u00e4sident der Westf\u00e4lischen Hochschule<\/p>\n<p><strong>Aufsichtsbeh\u00f6rde<\/strong><\/p>\n<p>ist das Ministerium f\u00fcr Kultur und Wissenschaft des Landes NRW, V\u00f6lklinger Stra\u00dfe 49, 40221 D\u00fcsseldorf<\/p>\n<p><strong>Umsatzsteueridentifikationsnummer<\/strong><\/p>\n<p>DE 811 358 679<\/p>\n<p><strong>Dar\u00fcber hinaus verantwortlich:<\/strong><\/p>\n<p>Fachbereich Informatik und Kommunikation, Designlabor<\/p>\n<p>Neidenburger Str. 43<br \/>\nGeb\u00e4ude A4<br \/>\n45897 Gelsenkirchen<\/p>\n<p><strong>Vertreten durch: <\/strong><\/p>\n<p>Prof. Dr. Detlef Mansel<\/p>\n<p><strong>Mitverantwortlich: <\/strong><\/p>\n<p>Prof. Katja M. Becker<\/p>\n<p><strong>Kontakt<\/strong><\/p>\n<p>Telefon: +49 (0)209 9596-506<br \/>\nE-Mail: katja.becker@w-hs.de<\/p>\n<p><strong>Logo Gestaltung<\/strong><\/p>\n<p>Judith Humkamp<\/p>\n<p><strong>Webseite Gestaltung<\/strong><\/p>\n<p>Alessandro Wawer<br \/>\nTatjana Jessen<\/p>\n<p><strong>Bildquellen<\/strong><\/p>\n<p>www.unsplash.com<br \/>\nwww.thenounproject.com : Shashank Singh, Roselin Christina.S, Petai Jantrapoon, Turkkub, Smalllike<\/p>\n<p><strong>Streitschlichtung<\/strong><\/p>\n<p>Die Europ\u00e4ische Kommission stellt eine Plattform zur Online-Streitbeilegung (OS) bereit: https:\/\/ec.europa.eu\/consumers\/odr.<br \/>\nUnsere E-Mail-Adresse finden Sie oben im Impressum.<\/p>\n<p>Wir sind nicht bereit oder verpflichtet, an Streitbeilegungsverfahren vor einer Verbraucherschlichtungsstelle teilzunehmen.<\/p>\n<p><strong>Haftung f\u00fcr Inhalte <\/strong><\/p>\n<p>Als Diensteanbieter sind wir gem\u00e4\u00df \u00a7 7 Abs.1 TMG f\u00fcr eigene Inhalte auf diesen Seiten nach den allgemeinen Gesetzen verantwortlich. Nach \u00a7\u00a7 8 bis 10 TMG sind wir als Diensteanbieter jedoch nicht verpflichtet, \u00fcbermittelte oder gespeicherte fremde Informationen zu \u00fcberwachen oder nach Umst\u00e4nden zu forschen, die auf eine rechtswidrige T\u00e4tigkeit hinweisen.<\/p>\n<p>Verpflichtungen zur Entfernung oder Sperrung der Nutzung von Informationen nach den allgemeinen Gesetzen bleiben hiervon unber\u00fchrt. Eine diesbez\u00fcgliche Haftung ist jedoch erst ab dem Zeitpunkt der Kenntnis einer konkreten Rechtsverletzung m\u00f6glich. Bei Bekanntwerden von entsprechenden Rechtsverletzungen werden wir diese Inhalte umgehend entfernen.<\/p>\n<p><strong>Haftung f\u00fcr Links <\/strong><\/p>\n<p>Unser Angebot enth\u00e4lt Links zu externen Websites Dritter, auf deren Inhalte wir keinen Einfluss haben. Deshalb k\u00f6nnen wir f\u00fcr diese fremden Inhalte auch keine Gew\u00e4hr \u00fcbernehmen. F\u00fcr die Inhalte der verlinkten Seiten ist stets der jeweilige Anbieter oder Betreiber der Seiten verantwortlich. Die verlinkten Seiten wurden zum Zeitpunkt der Verlinkung auf m\u00f6gliche Rechtsverst\u00f6\u00dfe \u00fcberpr\u00fcft. Rechtswidrige Inhalte waren zum Zeitpunkt der Verlinkung nicht erkennbar.<\/p>\n<p>Die Westf\u00e4lische Hochschule distanziert sich ausdr\u00fccklich von allen Inhalten aller gelinkten fremden Seiten und macht sich die Inhalte nicht zu eigen. Zur Verantwortlichkeit bez\u00fcglich des Inhalts gelinkter Seiten vgl. Urteil des Landgerichts Hamburg vom 12.05.1998 (312 O 85\/98). F\u00fcr Sch\u00e4den, die aus fehlerhaften oder unvollst\u00e4ndigen Inhalten auf den mittels Link verwiesenen Websites resultieren, haften die Westf\u00e4lische Hochschule und die Autoren bzw. Verantwortlichen dieser Website nicht.<\/p>\n<p>Eine permanente inhaltliche Kontrolle der verlinkten Seiten ist jedoch ohne konkrete Anhaltspunkte einer Rechtsverletzung nicht zumutbar. Bei Bekanntwerden von Rechtsverletzungen werden wir derartige Links umgehend entfernen.<\/p>\n<p><strong>Urheberrecht<\/strong><\/p>\n<p>Die durch die Seitenbetreiber erstellten Inhalte und Werke auf diesen Seiten unterliegen dem deutschen Urheberrecht. Die Vervielf\u00e4ltigung, Bearbeitung, Verbreitung und jede Art der Verwertung au\u00dferhalb der Grenzen des Urheberrechtes bed\u00fcrfen der schriftlichen Zustimmung des jeweiligen Autors bzw. Erstellers. Downloads und Kopien dieser Seite sind nur f\u00fcr den privaten, nicht kommerziellen Gebrauch gestattet.<\/p>\n<p>Soweit die Inhalte auf dieser Seite nicht vom Betreiber erstellt wurden, werden die Urheberrechte Dritter beachtet. Insbesondere werden Inhalte Dritter als solche gekennzeichnet. Sollten Sie trotzdem auf eine Urheberrechtsverletzung aufmerksam werden, bitten wir um einen entsprechenden Hinweis. Bei Bekanntwerden von Rechtsverletzungen werden wir derartige Inhalte umgehend entfernen.<\/p>\n<p>Quelle:<\/p>\n<p>https:\/\/www.e-recht24.de\/impressum-generator.html<\/p>\n[\/vc_column_text][\/vc_column][\/vc_row]\n","protected":false},"excerpt":{"rendered":"<p>[vc_row type=&#8220;in_container&#8220; full_screen_row_position=&#8220;middle&#8220; scene_position=&#8220;center&#8220; text_color=&#8220;dark&#8220; text_align=&#8220;left&#8220; overlay_strength=&#8220;0.3&#8243; shape_divider_position=&#8220;bottom&#8220; bg_image_animation=&#8220;none&#8220;][vc_column column_padding=&#8220;no-extra-padding&#8220; column_padding_position=&#8220;all&#8220; background_color_opacity=&#8220;1&#8243; background_hover_color_opacity=&#8220;1&#8243; column_link_target=&#8220;_self&#8220; column_shadow=&#8220;none&#8220; column_border_radius=&#8220;none&#8220; width=&#8220;1\/1&#8243; tablet_width_inherit=&#8220;default&#8220; tablet_text_alignment=&#8220;default&#8220; phone_text_alignment=&#8220;default&#8220; column_border_width=&#8220;none&#8220; column_border_style=&#8220;solid&#8220; bg_image_animation=&#8220;none&#8220;][vc_column_text] LEGAL NOTE\u00a0 Angaben gem\u00e4\u00df \u00a7 5 TMG&#8230;<\/p>\n","protected":false},"author":5,"featured_media":0,"parent":0,"menu_order":0,"comment_status":"closed","ping_status":"closed","template":"","meta":{"footnotes":""},"class_list":["post-13","page","type-page","status-publish"],"_links":{"self":[{"href":"https:\/\/designlab.ik.w-hs.de\/index.php?rest_route=\/wp\/v2\/pages\/13","targetHints":{"allow":["GET"]}}],"collection":[{"href":"https:\/\/designlab.ik.w-hs.de\/index.php?rest_route=\/wp\/v2\/pages"}],"about":[{"href":"https:\/\/designlab.ik.w-hs.de\/index.php?rest_route=\/wp\/v2\/types\/page"}],"author":[{"embeddable":true,"href":"https:\/\/designlab.ik.w-hs.de\/index.php?rest_route=\/wp\/v2\/users\/5"}],"replies":[{"embeddable":true,"href":"https:\/\/designlab.ik.w-hs.de\/index.php?rest_route=%2Fwp%2Fv2%2Fcomments&post=13"}],"version-history":[{"count":13,"href":"https:\/\/designlab.ik.w-hs.de\/index.php?rest_route=\/wp\/v2\/pages\/13\/revisions"}],"predecessor-version":[{"id":770,"href":"https:\/\/designlab.ik.w-hs.de\/index.php?rest_route=\/wp\/v2\/pages\/13\/revisions\/770"}],"wp:attachment":[{"href":"https:\/\/designlab.ik.w-hs.de\/index.php?rest_route=%2Fwp%2Fv2%2Fmedia&parent=13"}],"curies":[{"name":"wp","href":"https:\/\/api.w.org\/{rel}","templated":true}]}}